 when 5940284 is divided by 33.
20
What is the remainder when 126980790 is divided by 7?
6
Calculate the remainder when 665699 is divided by 60478.
441
Calculate the remainder when 656770 is divided by 2354.
4
Calculate the remainder when 322968 is divided by 161473.
22
What is the remainder when 13769302 is divided by 98?
8
Calculate the remainder when 27067 is divided by 492.
7
Calculate the remainder when 2379659 is divided by 1301.
130
Calculate the remainder when 1272820 is divided by 2960.
20
What is the remainder when 287732294 is divided by 19?
18
What is the remainder when 2411714 is divided by 1205820?
74
What is the remainder when 86331641 is divided by 43165811?
19
Calculate the remainder when 1471950 is divided by 339.
12
What is the remainder when 15042 is divided by 766?
488
What is the remainder when 20036 is divided by 2031?
1757
Calculate the remainder when 33185 is divided by 8289.
29
Calculate the remainder when 128432 is divided by 42.
38
Calculate the remainder when 3744647 is divided by 1814.
551
Calculate the remainder when 25409 is divided by 12064.
1281
Calculate the remainder when 32513484 is divided by 53.
51
What is the remainder when 2572341 is divided by 116889?
783
What is the remainder when 103109 is divided by 51537?
35
Calculate the remainder when 1791517992 is divided by 3329.
3326
Calculate the remainder when 31328939 is divided by 86.
85
What is the remainder when 827014 is divided by 9606?
898
What is the remainder when 233678580 is divided by 51?
48
What is the remainder when 907283 is divided by 611?
559
What is the remainder when 219685 is divided by 639?
508
Calculate the remainder when 480677 is divided by 248.
53
What is the remainder when 185418393 is divided by 4291?
4283
Calculate the remainder when 95424 is divided by 457.
368
Calculate the remainder when 768409 is divided by 3086.
3081
Calculate the remainder when 372609 is divided by 116.
17
Calculate the remainder when 10781843 is divided by 10781839.
4
Calculate the remainder when 9726598 is divided by 260.
258
Calculate the remainder when 1575732 is divided by 143208.
444
What is the remainder when 163912 is divided by 54449?
565
Calculate the remainder when 4575193 is divided by 3123.
3121
Calculate the remainder when 1208316 is divided by 75.
66
What is the remainder when 8484839 is divided by 312?
311
What is the remainder when 197679 is divided by 769?
46
What is the remainder when 7204133 is divided by 7203875?
258
Calculate the remainder when 76149 is divided by 2848.
2101
What is the remainder when 1036571 is divided by 79?
12
What is the remainder when 715207 is divided by 7215?
922
Calculate the remainder when 1884198 is divided by 44.
30
Calculate the remainder when 314644 is divided by 314418.
226
What is the remainder when 1280984339 is divided by 255?
254
What is the remainder when 3182769 is divided by 13?
5
Calculate the remainder when 10333458 is divided by 794879.
31
What is the remainder when 306916 is divided by 211?
122
What is the remainder when 268453 is divided by 320?
293
Calculate the remainder when 538723 is divided by 538710.
13
What is the remainder when 1789592 is divided by 52?
12
What is the remainder when 4739883 is divided by 9916?
35
What is the remainder when 897693 is divided by 296313?
8754
What is the remainder when 837769 is divided by 20433?
16
What is the remainder when 59879 is divided by 43?
23
What is the remainder when 134881 is divided by 13444?
441
What is the remainder when 7616493 is divided by 31473?
27
Calculate the remainder when 1794738 is divided by 448644.
162
What is the remainder when 5849151 is divided by 497?
455
Calculate the remainder when 478812 is divided by 478770.
42
Calculate the remainder when 160814462 is divided by 1732.
1726
Calculate the remainder when 136515 is divided by 136243.
272
Calculate the remainder when 370806 is divided by 224.
86
What is the remainder when 13685913 is divided by 1339?
1333
What is the remainder when 869445 is divided by 14734?
139
Calculate the remainder when 951678648 is divided by 325.
323
Calculate the remainder when 946825 is divided by 55687.
146
What is the remainder when 21235219 is divided by 1415681?
4
What is the remainder when 1807546 is divided by 20776?
34
What is the remainder when 337433 is divided by 75?
8
What is the remainder when 25462 is divided by 4214?
178
Calculate the remainder when 1073976 is divided by 7.
1
Calculate the remainder when 60345 is divided by 608.
153
What is the remainder when 2829261 is divided by 1414618?
25
What is the remainder when 14691421 is divided by 86420?
21
What is the remainder when 6322578 is divided by 5?
3
What is the remainder when 10140799 is divided by 6615?
4
Calculate the remainder when 1310416 is divided by 324.
160
Calculate the remainder when 232326 is divided by 718.
412
What is the remainder when 6763632 is divided by 671?
623
Calculate the remainder when 75707192 is divided by 2734.
2732
What is the remainder when 13592608 is divided by 1730?
1728
What is the remainder when 4106980 is divided by 33?
31
Calculate the remainder when 146310 is divided by 36564.
54
What is the remainder when 31023385 is divided by 33?
19
Calculate the remainder when 193016579 is divided by 30.
29
Calculate the remainder when 10237576 is divided by 319923.
40
Calculate the remainder when 11542052 is divided by 102.
38
Calculate the remainder when 471216 is divided by 442.
44
Calculate the remainder when 62184383 is divided by 9.
8
What is the remainder when 2129510 is divided by 285?
275
What is the remainder when 884961 is divided by 17344?
417
What is the remainder when 108613 is divided by 18086?
97
What is the remainder when 1887560 is divided by 1200?
1160
What is the remainder when 228626529 is divided by 71?
68
What is the remainder when 663768 is divided by 10209?
183
Calculate the remainder when 347418 is divided by 5442.
4572
Calculate the remainder when 3644220 is divided by 844.
672
What is the remainder when 10529406 is divided by 10529292?
114
Calculate the remainder when 5673700 is divided by 807.
490
What is the remainder when 1855580 is divided by 22908?
32
Calculate the remainder when 2509019 is divided by 122.
89
What is the remainder when 63833 is divided by 12049?
3588
Calculate the remainder when 4206993 is divided by 581.
553
Calculate the remainder when 23111 is divided by 541.
389
Calculate the remainder when 2633641 is divided by 2077.
5
What is the remainder when 41337955 is divided by 60?
55
What is the remainder when 16967613 is divided by 1305196?
65
What is the remainder when 72825 is divided by 14556?
45
Calculate the remainder when 1437168 is divided by 110551.
5
What is the remainder when 235455893 is divided by 829?
826
What is the remainder when 771034 is divided by 1201?
1193
What is the remainder when 270147 is divided by 8901?
3117
Calculate the remainder when 48631850 is divided by 143.
124
What is the remainder when 35025811 is divided by 2?
1
Calculate the remainder when 9501322 is divided by 612.
22
What is the remainder when 86377400 is divided by 6?
2
What is the remainder when 307067 is divided by 1914?
827
Calculate the remainder when 1312218 is divided by 656001.
216
What is the remainder when 100483 is divided by 8905?
2528
Calculate the remainder when 372347 is divided by 123813.
908
What is the remainder when 16854841 is divided by 180?
1
Calculate the remainder when 252332 is divided by 3.
2
What is the remainder when 7619999 is divided by 45?
14
What is the remainder when 6365517 is divided by 61?
45
What is the remainder when 5990 is divided by 5020?
970
What is the remainder when 58084 is divided by 17654?
5122
Calculate the remainder when 991792 is divided by 858.
802
Calculate the remainder when 1485353 is divided by 54.
29
Calculate the remainder when 4989137 is divided by 920.
897
Calculate the remainder when 5699336 is divided by 568.
24
Calculate the remainder when 4386940 is divided by 59.
54
Calculate the remainder when 62941 is divided by 3940.
3841
What is the remainder when 33707 is divided by 2323?
1185
What is the remainder when 140329 is divided by 70149?
31
What is the remainder when 28929231 is divided by 2040?
2031
Calcula